 What is the greatest common divisor of t and u?
22
Suppose 51*g - 7254 = -135*g. Let l be 522/8 + 3/(-12). What is the greatest common factor of l and g?
13
Let v(t) = -t**2 - 10. Let y be v(-5). Let d = y - 148. Let p be (84/(-8))/7 - d/2. What is the greatest common factor of 18 and p?
18
Let x be 6/(-5)*(-40)/6. Suppose 3*z = 59 - x. Let j = 54 + 65. Calculate the highest common factor of z and j.
17
Suppose 0 = 2*k + 3*k - 80. Suppose 10 = -2*a - 9*o + 12*o, -25 = -5*a - 5*o. Let q be (a + 3)/((-14)/(-224)). Calculate the highest common divisor of q and k.
16
Let k = -220 - -220. Suppose k = 76*n - 37*n - 1560. Calculate the greatest common factor of n and 320.
40
Let a(z) = -8*z - 4. Let w be a(-4). Let n be 3/(-9) - (1 - (-58)/(-3)). Suppose n*o - 13*o - 35 = 0. Calculate the greatest common factor of w and o.
7
Suppose 5*p + 52 = 2*f, -f + 86*p + 38 = 85*p. What is the greatest common divisor of f and 1242?
46
Let d be -5*((-54)/10)/(-9). Let o(c) = 16*c**2 + 2*c + 6. Let a be o(d). Calculate the greatest common factor of a and 9.
9
Let f = -1100 + 312. Let z = f + 991. Calculate the greatest common divisor of 7 and z.
7
Suppose -9*t - 1001 + 2918 = 0. Suppose 0 = -3*n + 5*y + t, 3*n - 20*y = -17*y + 207. What is the highest common factor of 110 and n?
22
Let r(t) be the third derivative of t**6/120 - 7*t**5/20 - 43*t**4/24 - 11*t**3/6 + 68*t**2. Let h be r(23). What is the highest common divisor of 145 and h?
29
Let f be (-64)/(-24)*-39 + 0 + 0. Let z = f - -156. What is the greatest common factor of z and 39?
13
Suppose -1016 = -2*y + 2*q, -1172*y - 4*q - 1518 = -1175*y. What is the highest common divisor of y and 2?
2
Suppose 94 = -64*c + 62*c. Let q = c - -69. What is the highest common divisor of q and 11?
11
Suppose 0 = -2*o + o + 24. Let l(b) be the first derivative of 2*b**3/3 - 7*b**2/2 - 83*b + 58. Let q be l(9). Calculate the highest common factor of q and o.
8
Let t(i) be the third derivative of -i**6/120 + 7*i**5/60 + 7*i**3/3 - 72*i**2. Let p be t(7). Calculate the highest common factor of 2 and p.
2
Suppose -282*a - 27*a = -29664. Calculate the greatest common divisor of a and 400.
16
Let g = 412 - -324. Suppose d - g = -d. What is the greatest common divisor of d and 16?
16
Let s(a) = -a**2 + 29*a + 3. Let g be s(10). Let x = g + -181. What is the greatest common divisor of 3 and x?
3
Let z(c) = 10*c + 293. Let h be z(-23). Let i(f) = -36*f - 12. Let r be i(-5). What is the greatest common divisor of r and h?
21
Let y = 12 + -88. Suppose 1993 = 34*v - 693. Let m = v + y. What is the greatest common divisor of m and 48?
3
Let k = 14682 - 14661. Calculate the greatest common divisor of k and 1946.
7
Suppose 30*m - 40*m + 2070 = 0. Let f = m + -199. What is the greatest common factor of f and 10?
2
Let f(h) = 27*h**2 + 3*h - 2. Let y be f(1). Let u = 64 - y. Let k be 36/(8 + -4)*(0 - -1). Calculate the highest common divisor of u and k.
9
Let y be ((-319)/(-33))/((-1)/(-6)). Suppose 4*i + 20 = 2*a, 3*i + y = 5*a - 27. Calculate the greatest common factor of a and 50.
10
Suppose -26*t - 825 = -37*t. Suppose 0 = 5*o - 2*o + 5*z - t, -5*o = -z - 125. What is the highest common factor of 50 and o?
25
Let i(v) = -v**2 + 13*v + 80. Let j be i(12). What is the highest common divisor of j and 20?
4
Let g be 10/(-20)*(1/(-2))/((-3)/(-355164)). Calculate the highest common factor of g and 17.
17
Suppose 5*i + 5*h = 0, -5*i + 2 = -6*i - 3*h. Let c = -52 + 24. Let m be 8/c - (-130)/14. Calculate the greatest common divisor of m and i.
1
Let k(g) = g**2 + 9*g + 2. Let a be k(-9). Let j(s) = 11 + 19*s + 3*s**2 - a*s**2 + 29 - 14. Let u be j(-18). What is the highest common factor of 1 and u?
1
Let v(q) = -2*q + 8. Let g be v(-14). Suppose 627 + 957 = 12*d. What is the greatest common divisor of d and g?
12
Let y(c) = -c**3 + 150*c**2 - 1042*c - 14. Let j be y(8). Calculate the highest common divisor of 12300 and j.
246
Suppose 2*n - 332 = -4*v, -3*n + 180 = -5*v - 351. What is the highest common divisor of n and 4042?
86
Let i be 26 - (0 + -1 + -1). Let j(m) = -m**2 + 19*m + 463. Let a be j(-11). What is the highest common factor of i and a?
7
Suppose -50*i + 53*i = 4*v - 130, 0 = -4*v + 4*i + 124. Calculate the highest common factor of 481 and v.
37
Let a = 45 - 43. Let p(c) = 6*c - 4. Let v(i) = i - 1. Let h(q) = p(q) - 8*v(q). Let f be h(-5). What is the greatest common divisor of a and f?
2
Let m = 941 + -887. Let r = 1 + -1. Suppose r = 5*s - 3*f - 36, -s = 2*f + 3*f + 4. Calculate the highest common divisor of s and m.
6
Let g = -37 + 40. Let z be (290 - (0/g + -4))/1. Calculate the greatest common factor of 42 and z.
42
Let s = -12 + 16. Suppose -4*f = d - 3*d + 56, -s*d = -5*f - 118. Calculate the greatest common factor of d and 32.
32
Let v = 139 - 110. Suppose -v*h + 27*h = -24. Calculate the highest common factor of 84 and h.
12
Suppose 32 - 201 = 29195*r - 29208*r. What is the highest common factor of r and 3991?
13
Let l(g) = g**3 + 18*g**2 - 21*g + 21. Let d be l(-19). Let h = d + -41. Let j = 27 - h. What is the highest common divisor of 18 and j?
9
Let b be -1*126/24*-72. Let w be (28/35)/(4/70). What is the greatest common divisor of w and b?
14
Let j be 1*-3*(-3)/9. Let m(y) be the second derivative of 67*y**3/6 - y**2/2 - 138*y. Let k be m(j). Calculate the highest common divisor of 6 and k.
6
Let f = -55 + 85. Let a = f + 0. Let u = 40 - a. Calculate the greatest common divisor of u and 10.
10
Let u be -1 - (16/(-14) + 7826/(-98)). What is the highest common factor of u and 920?
40
Let i be -86 - (64/4)/4. Let k = 440 + i. Calculate the highest common factor of 14 and k.
14
Let d be (78/5)/(208/94120). What is the highest common divisor of d and 13?
13
Let q(k) = -5*k**3 + 245*k**2 - 222*k + 10911. Let m be q(49). Let l = -710 + 389. Let h = l + 618. What is the highest common factor of m and h?
33
Suppose -8*r + 6662 - 326 = 10*r. What is the highest common factor of r and 319?
11
Let u be ((-1998)/1110)/(3/(-1600)). What is the highest common divisor of u and 60?
60
Suppose -16 + 124 = 3*f. Suppose 21*y - 351 = -f. What is the highest common divisor of y and 15?
15
Suppose -5*m + 0*t = 3*t - 15368, 4*m - t - 12274 = 0. What is the greatest common factor of m and 30?
10
Let a = -9 - 0. Let h be 388/3 - (-12 + (-102)/a). Calculate the greatest common factor of h and 104.
26
Suppose 0 = -2*r + 98 + 102. Suppose -1604 = -24*u - 1004. What is the highest common factor of u and r?
25
Let p = 40 - 4. Let q(u) = -2*u**3 - 5*u**2 - 5. Let o be q(-3). Suppose -o = 2*y, -2*k - 152 = -5*k - 5*y. Calculate the greatest common divisor of k and p.
18
Let u be (-33 + 26)/(1*-1). Suppose u*q = 35 + 91. Calculate the highest common factor of q and 18.
18
Let v(i) = 6*i + 42. Let g be v(17). Let l be g/(-90) - (-126)/10. What is the greatest common divisor of l and 473?
11
Let r be ((3536/(-170))/(-52))/(4/120). Suppose u + 69 = -n + 3*n, 2*u = -2*n + 54. What is the highest common divisor of r and n?
4
Let g = -1 + -6. Let c = 12 + g. Suppose -24 = -2*z + 2*i, -7*z + 3*i = -2*z - 66. What is the highest common divisor of z and c?
5
Let o be (-1200)/9 + (8 - (-92)/(-12)). Let u = 901 + o. What is the highest common factor of u and 24?
24
Let n be 30004/30 - (4 + (-58)/15). Suppose -8*u - n = -10*u. Calculate the highest common factor of u and 20.
20
Suppose -29 = 3*d - 8. Let k be 3/2*d/((-84)/32). Suppose 0 = k*j + 3*o - 111, -j + 4*j + o = 77. Calculate the greatest common divisor of j and 192.
24
Suppose 0 = -36*d + 42*d - 2190. Suppose 16*b + 109 = d. Calculate the highest common divisor of b and 56.
8
Let m(f) = -f**3 + f**2 + f - 6. Let l be m(0). Let o(d) = -2*d - 7. Let w be o(l). Suppose -320 = c - w*c. Calculate the highest common divisor of 32 and c.
16
Let x be (-27908)/(-14) + ((-276)/(-21))/23. Calculate the highest common factor of x and 2.
2
Suppose -232*g + 129192 + 11358 = -77530. Calculate the highest common factor of 658 and g.
94
Let m = -6151 - -7726. Calculate the greatest common factor of 70 and m.
35
Let m(f) = 25*f**2 + 4*f - 4. Let i be m(2). Let a be (6 - 6)/6 + 8. What is the highest common divisor of a and i?
8
Let q = -343 - -347. Suppose -64*r = -2*u - 62*r + 802, -q*u - 3*r + 1569 = 0. Let i = -4